+ -3 + 3 + 587. Let c = t + g. Is c a prime number?
True
Let n(u) = -195*u**3 + u**2 + 3*u + 1. Suppose 2*x - 6*x = 160. Let v = x + 39. Is n(v) a composite number?
True
Suppose -2728 = 23*i - 658. Let z = 493 - i. Is z a composite number?
True
Is (-812159)/(-3) + 6/4 + (-52)/24 a prime number?
True
Let n(y) = 80*y - 3. Let u = -72 + 123. Let s = u + -47. Is n(s) a prime number?
True
Suppose 7*v - 11*v = 4*z - 12, -5*v - 17 = -3*z. Is 5 + ((-532)/(-95))/(v/(-685)) a prime number?
False
Suppose -557 = 5*p - 592, 5*h + p - 1613652 = 0. Is h a composite number?
True
Let c(j) = 326*j**3 - 1. Let x be c(2). Let g = 4240 - x. Is g a composite number?
True
Suppose -4 = -3*x + 4*v, v = -11 + 13. Suppose -r + 3*r + 10 = 0, x*n - r - 41937 = 0. Is n a composite number?
True
Let h(s) = 188*s + 9. Let l be h(-11). Let v = 3653 + l. Is v a composite number?
True
Suppose 4*n + n = -12*n. Let d be ((-6)/(-2))/1 - -2. Suppose 5*j + d = n, -324 = -5*z - 0*j - j. Is z prime?
False
Is ((-1085404)/(-10))/((-84)/(-140))*24/16 prime?
True
Suppose 12*j = 10*j - 6, 0 = a - 5*j - 3014. Is a prime?
True
Let c be (-1 - (-2)/8)*-1*4. Suppose 5*o + 2 = -c, 5*m + 5*o + 695 = 0. Is (-2*74/(-8))/((-3)/m) prime?
False
Let g(d) = -471*d**3 + 2*d**2 - 8*d - 20. Let j be g(-3). Suppose -17*b = -13492 - j. Is b prime?
True
Suppose -4 = 4*g + 16, 3*a + 4*g - 349 = 0. Suppose o - 5*v = -337, -a = o - v + 202. Let r = o + 1041. Is r a prime number?
True
Suppose 3*u = 5925 - 24. Let v = -1046 + u. Is v a prime number?
False
Let d(p) = 33*p**2 - 23*p + 39. Let o be d(14). Is o - (-15)/(-3) - 7 a prime number?
True
Suppose -4*j = -y - 34, -j + 5*y = -12 - 6. Suppose j*o = 18*o - 12770. Is o prime?
True
Suppose n + 9 - 10 = 0. Let d be 1/n - 2 - -3. Suppose -d*t + 2*h - 83 + 661 = 0, 2*t - 5*h = 584. Is t a prime number?
False
Suppose -708 - 1927 = v. Is 16 - 22 - v/1 a composite number?
True
Let c be 6 - 8/20*5. Suppose 0 = j - c*j + 9. Suppose -3*g + 0*y = 2*y - 335, -4*y + 331 = j*g. Is g prime?
True
Let z(u) = 710*u + 80. Let w be z(-7). Let k = 197 - w. Is k composite?
False
Let y be (-3 + 73185)*11/(-3). Is (y/(-132))/((-1)/(-6)) a prime number?
True
Let u(n) = n**3 + 3*n**2 - 4*n + 2. Let i be u(-4). Suppose i*r - 4*f - 2 = -14, 4*r = -4*f + 36. Let z(j) = 31*j + 3. Is z(r) a prime number?
True
Let w(k) be the second derivative of k**7/105 - k**6/80 - 11*k**5/120 - 5*k**4/6 + 13*k. Let t(v) be the third derivative of w(v). Is t(-6) a composite number?
False
Suppose 12*s - 15*s + 4*d + 249 = 0, 0 = 2*d. Suppose -87*x + 21004 = -s*x. Is x a prime number?
False
Let j = -25 - -86. Suppose -2*t + j = -175. Suppose k - 3*s = t, -3*k = -3*s + s - 333. Is k a composite number?
False
Let p(d) = 3*d**3 + 22*d**2 + 66*d + 71. Is p(14) a prime number?
False
Let z be 7016/(-3)*(-32)/(64/6). Let x(m) = m - 9. Let t be x(9). Suppose 0 = -t*l - 4*l + z. Is l a composite number?
True
Let h(s) be the first derivative of 266*s**3 + s**2 - 3*s + 52. Is h(1) prime?
True
Suppose 18*z + 1124 = 22*z. Let v = z - 45. Suppose -2*m + v = 2*m. Is m a prime number?
True
Is 24/66 - 63298308/(-132) a prime number?
True
Let q(f) = f**2 - 19*f + 12571. Let v be q(0). Let t = v + 5394. Is t a prime number?
False
Let u be 2 + 5 + 0 + -4. Suppose 3*x = q - 7597, -22843 = -u*q - 0*q - 4*x. Is q prime?
False
Suppose -4*i = -3*r - i + 195, -5*i = 20. Suppose 7*x + 37 = -r. Let y(a) = -139*a + 35. Is y(x) a composite number?
True
Is (323 + -132)*(466 + 1) a prime number?
False
Let n = 1047356 + -13287. Is n composite?
False
Suppose -21697374 = -79*u + 21350430 - 3155411. Is u a composite number?
False
Let v(n) = 284*n + 31. Let s be v(-9). Let f = -1640 - s. Let j = f + 73. Is j prime?
False
Suppose 5*g - 38949 = -p + 177448, 4*p - 865676 = 2*g. Is p a composite number?
True
Let z = -17555 - -30036. Is z + 0 - (-79 - -87) composite?
False
Suppose 0 = 5*n - 2*l - 204474 + 32287, n = -l + 34443. Is n prime?
True
Suppose 20*h = -53 - 36 - 11. Let g(o) = 2*o - 8. Let a be g(6). Is 561 + (h + a)*4 a prime number?
True
Let y be 179/(-2)*(110/(-11) + -2). Suppose h + 5934 = 3*m, m + h - 908 = y. Is m prime?
True
Let q(d) = -29897*d - 230. Let g be q(-7). Is g/119 - (-4)/14 composite?
True
Let h = -47464 + 115535. Is h composite?
False
Suppose -7*d + 2*d + 5 = -3*u, -d + 1 = 0. Suppose -5*q = -u*q - 20660. Suppose 0 = 3*a + 5*i - q, 4*i = i + 15. Is a a composite number?
True
Let j(w) = w**2 + 1. Let i(g) = -3*g**2 - 17*g - 1. Let l(s) = -i(s) + 6*j(s). Is l(-16) prime?
True
Is ((850974/(-4))/(-1))/(-6 - 60/(-8)) a composite number?
False
Suppose 3*i + 7 = -2*x - 108, -10 = 2*i. Let y = 53 + x. Suppose -6*v + y*v = -879. Is v a composite number?
False
Is (6 - 60/8)*(-1 + (-43699)/3) a composite number?
False
Let f(c) = -2*c**3 - 7*c - 11. Suppose 4*y + g + 4 = -9, 0 = -5*g + 15. Is f(y) prime?
False
Suppose 60 - 84 = 8*q. Let a(h) = -23*h**3 - 2*h**2 - 10*h - 2. Is a(q) composite?
False
Let u = -104 + 101. Let j(s) = 254*s**2 - 2*s - 7. Is j(u) prime?
False
Is 399 - 403 - ((-2)/(-4)*-2 - 36190) prime?
True
Is (-12)/20*1325125/(-75) prime?
True
Suppose 1879*g - 19924 = 1875*g. Is g composite?
True
Suppose -q + 4*p + 2457 = 418, 8122 = 4*q + p. Suppose 4*t = 58 - 46. Suppose -4*g = -3*a + q, 7*g - t*g = a - 685. Is a composite?
False
Let f = 51 - 44. Is 28060/16 + 3 + f/28 prime?
False
Suppose -5*f + 8*f = 5*d - 3915173, 2*f - 1566050 = -2*d. Is d a prime number?
False
Let x(g) = -g**2 + 15*g - 38. Let w be x(6). Suppose w*v + 34524 = 215468. Is v composite?
True
Let m(t) = 2827*t + 10. Let s be m(-2). Is 4 + 3 + -6 - s a prime number?
False
Is (4/(-9))/(8 + 1314/(-162)) + 14955 a prime number?
False
Let h = 181271 + 34026. Is h prime?
True
Let z = 435833 - 164766. Is z a prime number?
True
Let o = 92 + -88. Suppose 2*v + o*l = -0*v, -5*v + 5*l = 0. Suppose 4*x + 4*m - 716 = 0, v*m = 5*x + 2*m - 901. Is x a composite number?
False
Let g = -139160 + 274873. Is g a prime number?
False
Suppose 12570730 = 2*y - 4*r + 1249336, 5*r = 5*y - 28303445. Is y prime?
False
Let t(z) = -1 + 26 - 11 - 2*z. Let c be t(8). Is c/8*2*-66 prime?
False
Let k = 705511 - 287616. Is k prime?
False
Let d be (((-135)/(-12))/5)/(9/(-24)). Let s = -126 - -118. Is (d + (-1370)/s)/((-1)/(-12)) a prime number?
False
Let f = -29 - -32. Suppose q - 4*q = -12, 5*b + 5*q = 5055. Suppose 0 = 5*a + 4*u - 1701, f*a - 6*a = -u - b. Is a prime?
True
Let z = 2191 - -271. Suppose z = 2*d - 8940. Is d prime?
True
Let k = -329 - -326. Is 39220/12 - 4/12 - k a prime number?
True
Suppose -25 + 5 = -3*y + 5*c, 16 = -5*y - 4*c. Suppose 4*q - 3659 - 776 = -j, y = -4*q - 16. Is j composite?
False
Let h(n) = 2*n**3 - 43*n**2 - 232*n + 11. Is h(36) composite?
False
Is (-246862)/(-4) - (-567)/378 a prime number?
True
Is 19/38 + (7039476/8)/9 a prime number?
True
Let m be (21 - 1)/(-5)*(-1)/2. Suppose -4*j + m*r = -8258, 0*j - 10312 = -5*j - r. Is j a prime number?
True
Let b be (-12)/28 + ((-151636)/7)/4. Is (0 - (-65)/20)/((-2)/b) a composite number?
True
Suppose 5*s - 5*d - 35 = 0, 3*s + 8 = 8*s + 4*d. Suppose 5003 = u + s*k, 5*k = 4*u - 2499 - 17513. Is u composite?
False
Suppose -y = -20 - 0. Let r = -9 + y. Let t(b) = 19*b**2 + 22*b - 4. Is t(r) a prime number?
False
Let s(g) = g - 2. Let k be s(6). Let x be -8 - ((-4 - 738) + 6). Suppose x = -k*q + 3292. Is q composite?
False
Let d(k) = -349*k + 132. Let y be d(-30). Suppose -14*x + y = -24692. Is x a composite number?
False
Let h(p) = -p**3 - 8*p**2 - 9*p + 15. Let z be h(-5). Let x = z - -19. Suppose -2 + x = -2*k, 5*s + k = 8284. Is s prime?
True
Suppose 4*n - 915 = -2*a + 91, 2*n = -2*a + 508. Let g = n + -96. Let k = g + -14. Is k prime?
True
Is 8/14 + (-340075)/70*-198 a composite number?
False
Let d = 800 - 107. Let k be (1 - -3)/(2 + 1 + -1). Suppose 11*y - d = k*y. Is y a prime number?
False
Suppose 0 = -0*n - 13*n + 130. Let c(i) = 47*i**2 + 4*i - 19. Is c(n) a composite number?
False
Let t(q) = -923*q**2 + 2*q + 1. Let s be t(2). Let u = s - -6436. Suppose -2*h = -5*z - 1236, -4*z = 5*h - u - 308. Is h a composite number?
False
Suppose -3*v + 10 = -2*j, 5*j - 27 = -5*v - 2. Is (4957/(-2))/(-3 - (-10)/v) prime?
True
Let a(i) = 6*i + 325*i**2 + 19 - 648*i**2 + 325*i**2. Is a(-15) prime?
True
Is 1539137/(-46)*(-